 - d. Let s be y(-4). Let t = s + 33. What is the units digit of t?
4
Let a(b) be the first derivative of -28*b**2 + 140*b + 44. What is the tens digit of a(-16)?
3
Suppose 23*b - 26*b = 4*v - 4728, 3*v = 5*b + 3546. What is the units digit of v?
2
Suppose -5*y + 5*v = 2*v + 309, 0 = 4*y + 2*v + 256. Let f = -104 - y. Let i = f - -148. What is the tens digit of i?
0
Suppose 16*g - 372726 - 1025248 = -42*g. What is the ten thousands digit of g?
2
Let t = -263 + 1276. What is the hundreds digit of t?
0
Let u(l) = 31*l - 71. Let t be u(4). Suppose -3*r + 550 + t = 0. What is the units digit of r?
1
Let x be 5/15 - (-1352)/12. Let h = x - 113. Suppose 2*f - 74 - 266 = h. What is the tens digit of f?
7
Let s = -130982 - -198166. What is the hundreds digit of s?
1
Let b = 6202 - 3174. What is the thousands digit of b?
3
Let h be -5 + (12 - 3) - (-1)/1. Suppose 2*k + 4*v + v = 251, h*k - 4*v = 578. Let y = k + -7. What is the hundreds digit of y?
1
Let m be (-24)/(-15) - (4/(-10) - -1). What is the units digit of (m + 5)/((-4)/(-522))?
3
Let l = 1048 - 401. What is the hundreds digit of l?
6
Suppose 63*h = 69*h - 49938. What is the units digit of h?
3
Suppose 45266 = 11*z - 153867. What is the tens digit of z?
0
What is the tens digit of (-212)/(-954) + 214*(-1973)/(-18)?
5
Suppose 3*c + 3*w = -2*c + 34, -w = 2*c - 13. Suppose -r + 2*f = c, f + 0*f + 5 = 3*r. Suppose 7*h + r*h = 150. What is the units digit of h?
5
Suppose 20*b + 6*b = 603668. What is the tens digit of 8/(-10) - b/(-235)?
9
Let p(w) be the second derivative of 7*w**3/3 + 75*w**2 + 25*w. Let l(g) = 3*g + 30. Let j(q) = 11*l(q) - 2*p(q). What is the tens digit of j(7)?
6
Let f(g) = -12 + g**2 - 15*g + 19 - 13 + g**3. What is the hundreds digit of f(6)?
1
Let c(g) = -87*g**3 + 6*g**2 + 5*g - 64. What is the thousands digit of c(-4)?
5
Let t = -11059 - -18743. What is the thousands digit of t?
7
Suppose -k + 5*c = 31, c = -0*k + k + 11. What is the hundreds digit of 277 - ((-1)/1 - k)?
2
Let p(z) = 6*z + 29. Let b(c) = 13*c + 59. Let l(g) = 3*b(g) - 5*p(g). Let t be l(-4). What is the tens digit of 52/((-14)/(-3) - t/(-1))?
7
Suppose 2*c = -3*w + 14424, -5*w - 38 = -18. What is the hundreds digit of c?
2
Suppose -5*y + 1 + 6 = 3*b, 2*b = -y + 7. Suppose 3*i + 1 = 2*i - 2*n, -b*i = -n - 14. Suppose k + 5*s = i*k - 86, -s = -5*k + 169. What is the tens digit of k?
3
Let o be 3 + -262 - (-9 + 5 - -4). Let r = 269 + o. What is the tens digit of r?
1
What is the hundreds digit of 9*(-8)/36 - -12642?
6
Let v be ((-33046)/41)/(2*1). Let g = v + 1092. What is the units digit of g?
9
Let j = -3255 + 9757. What is the units digit of j?
2
Let z = -60746 - -112102. What is the units digit of z?
6
Let a be 14*((-6)/(-36) - 2/(-6)). Suppose -5*m - 15 = -b, -3*b - 3*m = -a*m - 23. Suppose 4*x + b*k + 1 = 136, 2*k = -5*x + 156. What is the units digit of x?
0
Let z = -2973 - -3068. What is the tens digit of z?
9
Let n = 164 - -34. Let u(a) = a**3 - 13*a**2 + 21*a - 25. Let m be u(12). Let y = n - m. What is the tens digit of y?
1
Let y(i) = 2*i**3 - 58*i**2 + 40*i + 61. What is the ten thousands digit of y(38)?
2
Let r be 3/(-3) - 2/(8/(-12)). Suppose r*w + 3*w - 180 = 0. Let j = 45 + w. What is the tens digit of j?
8
Let r = 13 - 11. Let u(o) = -8*o + 2 - o + 7*o**2 + 4*o + r*o. What is the hundreds digit of u(4)?
1
Suppose -7*s + 4*s = -4*i + 8924, 15617 = 7*i + 2*s. What is the thousands digit of i?
2
Let a be (10/(-3))/((-95)/114). Suppose a*v - 42 - 3442 = 0. What is the hundreds digit of v?
8
Suppose 5*p + 12*p = 18411. What is the tens digit of (1 + 17)*p/114?
7
Suppose -5*l - a + 347 + 890 = 0, l + a = 245. What is the units digit of l?
8
Let b(l) = -6*l**3 + l**2 - 11*l - 11. Suppose -11*s - 3*s - 42 = 0. What is the hundreds digit of b(s)?
1
Suppose -49*k - 2377444 = 82*k - 8331656. What is the thousands digit of k?
5
Let s be 23 + 0 + (5 - 6). Let r = s - 42. What is the tens digit of ((-600)/r)/(3/8)?
8
Suppose -4*g + 23427 = 15*g. What is the thousands digit of g - (-2 + -4)/(-6)?
1
Suppose -2*j + j = -5*g + 3, 4*g = -2*j + 8. Let a(o) = 80*o**2 + o - 2. What is the units digit of a(g)?
9
Let u(r) = 26 - 2*r - 13 + 66 - 13 + 2*r**2 - 15*r. What is the tens digit of u(14)?
2
What is the hundreds digit of -5 + (-12)/((-48)/27124)?
7
Let r = 6 + -8. Let h be 2 + 3/3 - r. What is the units digit of (-12)/(-3) + -1 - (h - 5)?
3
Suppose 0 = -13557*q + 13563*q - 24912. What is the hundreds digit of q?
1
Let h be (-3 - -3 - 1)*(-5)/1. What is the units digit of -5 + 2 + h + 188?
0
Suppose 0 = -110*o + 49*o + 41*o + 600. Suppose 2*s = -4, 4*n - 5*s = -n + 145. Suppose -o*d = -n*d - 399. What is the hundreds digit of d?
1
Let h(u) = -1719*u - 332. What is the units digit of h(-15)?
3
Let m(d) = 246*d - 125. Suppose 7*h - 56 = -0. What is the units digit of m(h)?
3
Suppose -2*w + 24373 = -y, 3 = 119*y - 120*y. What is the ten thousands digit of w?
1
Suppose 38528 = z + 4*y, 154108 = -4*z + 8*z + 12*y. What is the ten thousands digit of z?
3
What is the units digit of (-96379)/(-6) + (14 - 395/30)?
4
Let b = 55 - 25. Suppose -930 = 24*s - b*s. What is the units digit of s?
5
What is the thousands digit of (34 - 38)*(-5973)/3?
7
Let i = 8 + -6. Suppose -10 = -i*d, 7 + 2 = c + d. Let u = c - -94. What is the tens digit of u?
9
Let x(q) = -134*q - 412. Let r be x(-4). Suppose 0 = -4*c + 4*b - 276, -c - 2*b = 40 + 41. Let w = r + c. What is the tens digit of w?
5
Let d(g) = -8*g + 49. Let m be d(-5). Suppose 2*p - k + 96 = 0, -5*k - 53 - 17 = p. Let i = p + m. What is the tens digit of i?
3
Let p(j) = 2*j + 17. Let a be p(-6). Suppose -a*q = 15, -5*i + 4*q + q = 2475. What is the tens digit of i/(-8) + 1/(-4)?
6
Let o = -1175 - -1179. Let p = 445 + 33. Suppose o*s + 5*c - 10*c - 628 = 0, -3*s + 2*c + p = 0. What is the units digit of s?
2
Let v = 6731 - 2351. What is the thousands digit of v?
4
Suppose 4*p + 15 - 3 = -4*g, -4*p - 20 = -4*g. Let x(q) = 14*q. Let k be x(g). Suppose -k = -4*c + 50. What is the units digit of c?
6
Let g be 2 + 8/(64/19864). Let m = g - 1555. What is the units digit of m?
0
Let n = 53 + -7. Let z = 282 - n. What is the hundreds digit of z?
2
Let l(a) be the first derivative of a**4/4 - 5*a**3/3 + 2*a**2 - 10*a - 14. Let c be l(5). What is the units digit of 6/15 - (-2396)/c?
0
Suppose -11*x = 17*x - 742454 + 137682. What is the units digit of x?
9
Let s = -20198 - -71803. What is the tens digit of s?
0
Let v(i) = -244*i + 299. Let j(a) = 49*a - 60. Let g(r) = 11*j(r) + 2*v(r). What is the hundreds digit of g(4)?
1
Let o = 39865 + -14402. What is the thousands digit of o?
5
Let w = -3 + 7. Suppose -z - 3*m = -237, -3*m = -w*m. Let f = z + -44. What is the hundreds digit of f?
1
Let z(w) = 72*w - 4. Let l(u) = -u + 2. Let c(b) = 2*l(b) - z(b). What is the tens digit of c(-5)?
7
What is the thousands digit of 35/49 + 202228/91?
2
Let q(m) = -1099*m - 54. What is the hundreds digit of q(-19)?
8
Let g(n) = -109*n - 38. Let d be g(-9). Suppose -l + 281 = f, f + 104 = -3*l + d. Let j = l - 84. What is the units digit of j?
5
Let l(m) = -306*m**3 + m**2 + m + 2. Let d be l(-2). Let z be (d/(-20) - -2) + 9/15. What is the units digit of (-2)/(2/3) - z - 4?
3
Suppose -z + 12637 = 5*b - 24192, 29459 = 4*b + 5*z. What is the thousands digit of b?
7
Let i(f) = -2 - 3 + 1 + 26*f + 53*f**2 - 55*f**2. What is the tens digit of i(6)?
8
Let x be (-1)/3*(-13)/((-130)/(-28230)). Suppose 3*q + 3*s - 864 = 0, -4*s = -5*q + 472 + x. What is the tens digit of q?
8
Let j(p) = -p. Let n be j(-8). Suppose b - 2*s = 8, -2*s = -5*b + 16 + n. Suppose 0*o - 493 = -3*a + 5*o, 0 = b*a + 2*o - 614. What is the hundreds digit of a?
1
Let v(r) = -26*r + 53. Let w(j) = -13*j + 26. Let n(q) = 4*v(q) - 9*w(q). Let u be n(7). Let l = u - 58. What is the tens digit of l?
1
Let o(z) = -z**3 + 29*z**2 - 44*z - 11. Let u be o(24). Suppose 0*m + 720 = 2*d + 3*m, 5*d + m = u. What is the hundreds digit of d?
3
Let f(w) = 9*w + 35. Let x be f(-6). What is the units digit of (16/19)/8 - 12443/x?
5
Suppose 0 = -3*f - 16 + 25. Let x be (-3 - 42/f)/1 + 3. Let g(l) = -l**2 - 18*l - 3. What is the tens digit of g(x)?
5
Let x = 1531 + -1527. Suppose -4*y = -y - 105. Suppose -p + 2*p + 13 = d, -3*d + x*p = -y. What is the tens